 + 10. Determine x(1).
20
Let f(x) be the third derivative of -5*x**4/24 - 4*x**3 - 10*x**2 + 1. Give f(-7).
11
Let c = 5 - 0. Let b(l) = -3 + l + 5*l**2 + 2*l**2 + c*l**2 + 2. Let s = 13 - 12. Determine b(s).
12
Let w(v) = -56531 - 3*v**2 + 56531 + 3*v - v - v**3. Determine w(3).
-48
Let v(r) = r**3 + 15*r**2 + 17*r - 6. Let n(c) = -3*c**2 + c - 1. Let s(i) = -n(i) + v(i). Determine s(-17).
12
Let r(z) = -z**2 + 4*z + 5. Let i(f) = f**3 - 3*f**2 - 5*f + 10. Let v be i(4). Suppose v*q - 2*q - 28 = 4*b, 0 = -4*q - 5*b + 19. Calculate r(q).
-7
Suppose 86*u - 103*u = 102. Let w(n) = -n**3 - 8*n**2 - 8*n + 5. What is w(u)?
-19
Let s(n) = 15 + 18 - 32. Let m(g) = -g + 3. Let j(i) = 4*m(i) - 7*s(i). What is j(-4)?
21
Let i = 0 + -4. Let v be (-63)/(-14) + 6/i. Let h(j) = j - 6. What is h(v)?
-3
Let t(n) = -n**3 - 10*n**2 - 11*n - 11. Suppose -8 = 29*x + 253. What is t(x)?
7
Let a(l) = l**3 + 14*l**2 + 13. Let c(p) = p**3 - 54*p**2 + 103*p + 38. Let f be c(52). Give a(f).
13
Suppose -f - 4*h = -1, -2*h - 5 = -5*f - 0*h. Let w(m) = -m + 2 - 3 - f. What is w(-6)?
4
Let z(i) = -2*i. Let d(b) = -4*b - 11. Let a be d(-6). Suppose -a + 4 = -3*t. Determine z(t).
-6
Let z(s) = -s**3 + 2*s + 4*s**2 - 2 - s + 1. Let u = -15 - -14. Let l = 3 - u. Calculate z(l).
3
Let p(n) = n**3 - n**2 + n + 2. Let v(u) = -u**2 - 8*u. Let a(c) = -2*c**2 - c - 2. Let m be a(-2). Let r be v(m). Calculate p(r).
2
Suppose 0 = -5*x + 19 + 51. Let v(r) = -25*r**2 + 3*r - 4 + x*r**2 + 12*r**2. Give v(-4).
0
Let n(z) = -z**2 - z + 10. Let h be n(7). Let v = h - -43. Let b(l) = -l**3 - 2*l**2 - l - 3. Calculate b(v).
9
Let g = 62 + -62. Let c(s) be the first derivative of 2*s - 1 + 1/2*s**2. Determine c(g).
2
Let b(l) = -19443*l + 2*l**2 + 1 + 19440*l - 3*l**2. Calculate b(2).
-9
Let q(b) = 14*b**2 + 81*b - 14. Let k(t) = -5*t**2 - 29*t + 5. Let y(z) = -17*k(z) - 6*q(z). Determine y(-7).
-1
Let v = -15 - -11. Let s(g) = 4*g + 1. Let p(m) = 3*m + 1. Let f(u) = -u**3 + 5. Let z be f(0). Let a(k) = v*p(k) + z*s(k). What is a(1)?
9
Let t(b) = 23*b**2 + 6*b - 28*b + 8*b + 13*b. Determine t(1).
22
Let i be ((-30)/(-4))/(2/(-4)). Let c = i - -17. Let y(l) = l + 0 - c + 6*l - 3*l. Calculate y(3).
10
Suppose 0 = -40*n + 14*n. Let o(l) = l**2 + l + 13. Give o(n).
13
Let a(u) be the second derivative of u**3/6 + 3*u**2/2 + 31*u - 1. What is a(-4)?
-1
Suppose 0 = 3*b - 0*b + 18. Let c(w) = 3*w - 4*w + 981 - 495 - 488. What is c(b)?
4
Let t(g) = g**3 - 6*g**2 - 8. Let p be (-19 - -14)*(-6)/(-10). Let q be 4/((-8)/p + -2). Determine t(q).
-8
Let m(t) = -8*t + 44. Let s(d) = 7*d - 39. Let c(q) = -6*m(q) - 7*s(q). Determine c(5).
4
Let w be -14 + (-14)/28*-42. Let t(n) = -n**2 + n + 7. Let r(c) = 2*c**2 - 3*c - 13. Let j(x) = 6*r(x) + 11*t(x). Determine j(w).
-1
Let g = 43 + -45. Let f be ((42/(-12))/7)/(g/20). Let m(s) = s**3 - 4*s**2 - s - 7. Calculate m(f).
13
Let v = -879 - -888. Let p(b) be the third derivative of -1/60*b**5 + 0*b - 5/24*b**4 + 0 + v*b**2 + 1/3*b**3. Determine p(-5).
2
Let z(t) be the second derivative of t**4/3 + t**3/2 + 3*t**2/2 - 12*t. Suppose 5 + 4 = 3*c. Suppose -7 - c = 5*o. Determine z(o).
13
Let l(b) = 9*b - 12. Let i(s) = 18*s - 22. Let x(q) = -3*i(q) + 5*l(q). Determine x(5).
-39
Let h(j) = -7*j**3 + 2*j**2 - 2*j + 1. Let n(w) = -2*w**3 - 23*w**2 + 7*w - 59. Let c be n(-12). Determine h(c).
-6
Let p be 1/(-1)*4 - 0. Let l(g) = 4 - 1 - 2 + 3 + g - 2. Calculate l(p).
-2
Let s be 9 + ((-22)/2 - -4). Let u(j) be the second derivative of 0 - 1/6*j**3 - 10*j + 1/3*j**4 + 0*j**s. What is u(2)?
14
Let y(m) = -8*m - 104. Let d be y(-14). Let c(p) = p**2 - 8*p + 3. Give c(d).
3
Let t(c) be the third derivative of 1/60*c**5 + 0 + 0*c + 0*c**3 + 1/24*c**4 - 1/24*c**6 + 5*c**2. Give t(-1).
5
Let p(o) = -5*o - 8. Let l be p(-5). Let a(q) = 17 + 7*q - l. Let f be ((-6)/4)/((-18)/(-24)). Give a(f).
-14
Let o(d) = -4*d + 1. Let b be o(-1). Let x(l) = 2*l**2 + 4*l**2 + 0*l - b*l - 5*l**2 - 2. Suppose 0 = 2*c + 4, -2*k - 5*c = -6*k + 26. What is x(k)?
-6
Let p(r) = 5*r + 2. Suppose 29*f + 2 = 28*f. Calculate p(f).
-8
Let t(u) = -u**2 + 11*u - 14. Suppose -211 = -12*k - 91. Calculate t(k).
-4
Suppose 0 = -a + 2*j, j + 3 - 1 = 0. Let s be a/7*(-35)/10. Suppose 2*h = -2*d - 6, 0 = -0*d - s*d + 6. Let f(t) = t**3 + 5*t**2 - 5*t + 3. Determine f(h).
-3
Let t be (-638)/(-165) - 6/(-45). Let r(f) = -f - 2. What is r(t)?
-6
Let k(j) be the third derivative of -j**6/180 - j**5/24 + 5*j**4/24 + j**3/3 + 9*j**2. Let g(h) be the first derivative of k(h). Calculate g(-5).
-20
Let z(t) be the second derivative of t**3/6 - 6*t**2 - 109*t. Calculate z(11).
-1
Let c(k) = -k - 4. Suppose -230*t + 232*t = -8. Determine c(t).
0
Let j(s) = -s**3 - 11*s - 6*s**2 + 26*s - 11*s + 0*s**3 + 2. Determine j(-7).
23
Let m(u) = 6 - 10 + 6 - u. Suppose 4*l - x - 2 - 7 = 0, -4*l = -3*x - 3. What is m(l)?
-1
Let m(k) = -2 + 2 + 18*k**3 - k - 31*k**3 + 14*k**3 - 2. Determine m(-1).
-2
Let c(b) = -2*b**2 + 13*b - 6. Let p be c(6). Let m(j) = j + 7. Give m(p).
7
Let o = 965 + -970. Let i(s) = -s**2 + s + 1. Determine i(o).
-29
Let n(q) = 7 + 28*q - 16*q - q**2 - 9*q. Let a(h) = -6*h**3 - 2*h**2 - h. Let w be a(-1). Determine n(w).
-3
Suppose 0 = 4*y + 8, -5*k + 2*k - 4*y = 23. Let d = -12 - k. Let m(s) = 2*s + 10. What is m(d)?
-4
Let m(w) = 7*w**2 - 6*w + 13. Let h(b) = -19*b**2 + 16*b - 36. Let p(d) = 4*h(d) + 11*m(d). What is p(-4)?
23
Let j(s) = 203*s - 109*s - 96*s + 3. Suppose -6*x + 6 = -6. Give j(x).
-1
Let f(y) = -4*y - 4. Let h = -318 + 322. What is f(h)?
-20
Let d(f) = f. Let m be (0/(5 + -2))/(-3 + 5). Determine d(m).
0
Let g = -9180 + 9183. Let k(y) be the second derivative of y + 0*y**2 + 0 + 1/3*y**3. What is k(g)?
6
Let g(a) = 0 - 7*a - 1 - 6*a**2 - 2 + 5*a**2. Let s be (-1)/((1 - 2)*1/(-7)). Calculate g(s).
-3
Let i(z) = -6*z - 1. Let c(v) = -16*v - 3. Let p(w) = -4*c(w) + 11*i(w). Calculate p(3).
-5
Let i(b) = 3*b - 11. Let l(w) = -2*w + 7. Let d(v) = 5*i(v) + 8*l(v). Let p be d(4). Let z(f) be the second derivative of f**3/6 + f**2 + 396*f. Calculate z(p).
-1
Let f(b) be the first derivative of b**4/4 - 11*b**3/3 + b**2 - b - 10. Calculate f(11).
21
Suppose -3*o = 15*o - 36. Suppose 26 = 4*d + 2*z - 0*z, 4*d + 4*z = 32. Let t(y) = -3*y + y - 3 + d*y. Calculate t(o).
3
Let s(o) = 2*o. Let i(n) = 2*n. Let d(j) = 4*i(j) - 5*s(j). Let c be -2*((-2 - 1) + -10). Suppose -3*w = -8*w - 5*l + 5, w = 4*l + c. Give d(w).
-12
Suppose -2*r + 14 + 1 = 5*t, 3*t = 3*r - 12. Let l(p) be the second derivative of 0 + 1/4*p**4 - 1/2*p**2 + r*p - 1/3*p**3. Determine l(-2).
15
Let q = -21 - -3. Let d = q - -18. Let k(n) = -n - 4. What is k(d)?
-4
Let l(w) = 3*w + 12. Suppose -5*s - 29 = 2*k, 3*k = 1 - 7. Calculate l(s).
-3
Let k(a) be the first derivative of 5*a**3/3 + 2*a**2 + 2*a + 35. Give k(-2).
14
Let b(u) = u**3 + 2*u**2 - 3*u - 4. Let s = -54 + 21. Let g be 3*(4 - s/(-9)). Suppose -2*a - 2 = -4*v, 2*v - g = 3*v. Calculate b(a).
-4
Suppose 0 = 3*c - 19 - 71. Let x be 66/c + 16/20. Let s(q) = -2*q**2 - 2*q**2 - 3*q + 5*q**2 - 2. What is s(x)?
-2
Let g(f) = 4*f + 2. Let j = -219 + 220. Determine g(j).
6
Let b(k) be the third derivative of -k**6/120 + k**5/12 + 7*k**3/6 + 12*k**2 + 3. What is b(5)?
7
Suppose 0 = 4*n + 36 - 156. Let q = 42 - n. Let m(l) = -3 + 2 - 3 - 13*l + q*l. Calculate m(-6).
2
Let c(b) = -b**2 + 8*b - 2. Suppose -3*q = -12, 0 = -2*i - 4*q + 2 + 32. Determine c(i).
-11
Let r(n) be the third derivative of -1/40*n**6 + 0 - 1/20*n**5 - 1/24*n**4 - 32*n**2 + 0*n + 0*n**3. Calculate r(-2).
14
Let g(b) = b**3 + 3*b**2 + 3. Let w(m) = m**2 + 6*m - 3. Let t be w(-6). Let y be g(t). Let o(h) = -5*h - h + 5 + 9*h**2 + h**y - 3*h**2. Calculate o(-7).
-2
Let m(x) = 11*x**3 - x**2 - x + 1. Suppose -2*u - 52 = -6*u. Suppose 2*o - u + 3 = 0. Suppose 9 = o*h + r, 3*h - r + 2 - 1 = 0. Give m(h).
10
Let d(m) = 76*m + m**2 - 127*m + 63*m. Determine d(-12).
0
Let m(h) = -h**2 - 10*h - 8. Let z be m(-9). Let w(d) = z - 4*d - 3 + 0 + 4. Let p(x) = x - 11. Let b be p(8). Calculate w(b).
14
Let j(k) = k - 9 - k - 21*k**2 + k**3 + 22*k**2. What is j(0)?
-9
Let b(k) = -17*k**2 + 3*k + 5. Let v(w) = -54*w**2 + 10*w + 17. Let d(y) = -19*b(y) + 6*v(y). Let t be 5 - ((-4)/(-2) - 2). What is d(t)?
-3
Let k(w) = w + 2. Let c be (